-22)/33 - 6059/(-3)) + -1?
8
Suppose 2*a + 4*c = 14, -2*a = -3*c - 41 - 8. Suppose -3*p - 6 = -6*p. Suppose z - p = a. What is the tens digit of z?
1
Let y be (-4390)/(-30) - 2/6. Let p = y + 119. What is the tens digit of p?
6
Let q = 41 + -62. What is the units digit of (98/q + 6)*246/4?
2
Suppose -u = -14 + 10. Suppose 0 = u*h + 2*c - 112, 4*c = h + 3*c - 28. What is the units digit of h?
8
Let o(h) = 2*h**2 - 8*h - 6. Let z be o(5). Suppose z*f = -4*w + 3*f + 876, -1082 = -5*w + 2*f. What is the hundreds digit of w?
2
Suppose 4*f + 9 = 25. Suppose 10*t - 787 = 263. Suppose -3*d - f*m + 37 = 0, 5*d = -2*m + 4*m + t. What is the units digit of d?
9
Suppose u + 12 = 11, -3*t + 2014 = -u. What is the units digit of t?
1
Suppose -5 = 7*l - 26. Let t(x) = 0*x + 6 + 3*x - 3. What is the tens digit of t(l)?
1
Suppose -2*n - 4*o = -2294, -13*o + 8*o + 1135 = n. What is the thousands digit of n?
1
Let u(t) = t**3 - 6*t**2 - 3*t - 2. Suppose 0 = 5*y - 4*h - 1, -7 = 7*y - 2*y - 2*h. Let r be 76/12 + (-2)/y. What is the units digit of u(r)?
6
Let t(u) = 239*u - 603. What is the thousands digit of t(11)?
2
Suppose 0 = -6*c - 445 + 2473. What is the units digit of c?
8
Let h be (-2919)/(-35) + (-2)/5. Let f = h - 47. Suppose 2*n + 8 = -2, -2*q - 4*n = -f. What is the units digit of q?
8
What is the hundreds digit of 2*(-3)/3 - (-351 + 5)?
3
Let z(u) be the second derivative of -u**5/20 + 5*u**4/12 - u**3/3 - 2*u**2 + 8*u. Let i be z(6). Let w = 112 + i. What is the units digit of w?
0
Suppose -v + 2*h = -504, v = -4*h + 9*h + 501. What is the hundreds digit of v?
5
Let d(z) be the third derivative of -19*z**4/24 - 11*z**3/3 + z**2 + 6. What is the units digit of d(-5)?
3
Suppose 4*b + 32 = 6*b. Suppose 3*u = 5 + b. What is the units digit of (1 - 0) + (u - -19)?
7
Let z(h) be the first derivative of h**2/2 + 4*h + 9. Let u be z(-2). Suppose u*t - 4*t = -28. What is the units digit of t?
4
Let k(y) = -y**2 + 16*y + 2. Suppose -2*b + 21 = 3*c, 0 = 4*c + c + 3*b - 34. What is the units digit of k(c)?
7
Let i(d) = d**2 - d - 4. Let y be i(3). Suppose 4*m + 28 = -4*o, -2*m + 0*o = -2*o - y. What is the tens digit of 1 + (-111)/m - -1?
3
Let c = -62 - -73. Suppose 0 = 9*g - 317 + c. What is the units digit of g?
4
Let p = 12 - 31. Let x = 2 - p. Let j = 29 - x. What is the units digit of j?
8
Suppose -105*q + 219590 = -224035. What is the thousands digit of q?
4
Suppose -5*y - 45 = -14*y. Suppose -2*b - 32 = -p - y*b, 0 = -4*b + 16. What is the units digit of p?
0
Suppose -101 - 112 = -5*t - s, t - 4*s - 30 = 0. Suppose 2*p = -0*p + t. What is the units digit of 1/8 + p/24?
1
Let s = -395 - -221. Let v = s + 327. What is the tens digit of v?
5
Let s = 742 + -575. What is the hundreds digit of s?
1
Suppose -4*n + 9*n + 430 = -c, -5*c = 0. Let s be (-2)/7 + n/(-7). What is the tens digit of ((-9)/s)/((-4)/192)?
3
Suppose -5*d + 2*p + 1361 + 139 = 0, 5*d - 1500 = 5*p. What is the hundreds digit of d?
3
What is the units digit of 35/42 - (-12755)/30?
6
Let f(s) = 16*s - 104. What is the units digit of f(14)?
0
What is the units digit of (-2)/5 - (-10 + (-1976)/65)?
0
Suppose 6*o - 9 = 3*o. Suppose w + 3*l - o = 0, 4*l + 10 = -5*w - 8. Let y = w + 27. What is the tens digit of y?
2
Let g(j) be the third derivative of j**5/20 - j**4/6 - 5*j**3/6 + 8*j**2. What is the units digit of g(6)?
9
Let y = 101 - -64. Suppose 5*n - 90 = y. What is the units digit of n?
1
Let p(q) = q**3 + 6*q**2 + 7*q - 5. Let k be p(-6). Let u = k - -30. Let o = u - -28. What is the tens digit of o?
1
Let j be 10/(10/(-9))*2/(-2). Suppose j*c = 7*c + 62. What is the tens digit of c?
3
Let u = -298 + 293. Let f = 21 - -11. What is the tens digit of (f/5)/((-1)/u)?
3
Suppose 0 = 7*p - 2*p - o - 106, 4*p - 3*o - 76 = 0. Let a = -42 + p. Let f = 36 - a. What is the units digit of f?
6
Let f = -148 + 167. What is the tens digit of f?
1
Let l(q) = -3*q**2 + 2*q + 121. What is the units digit of l(0)?
1
Suppose 3*l = -2*b + 966, l + 2*b + 62 = 380. Suppose 3*f - l = 2*a, 0*f = -4*f + 3*a + 432. What is the units digit of f?
8
Let o(v) = v**3 + 66*v**2 + 173*v - 97. What is the units digit of o(-63)?
1
Let r(l) = 4*l**3 - l**2 + 4*l + 3. Let v be r(-2). Let x be (7 - 3) + -1 + 72. Let s = x + v. What is the units digit of s?
4
Let w(o) = -o**3 - 2*o**2 + 9*o + 20. Let f be 5/(15/(-18))*1. What is the units digit of w(f)?
0
Suppose 206*a = 209*a - 7212. What is the hundreds digit of a?
4
Let a(j) = 3*j + 13. Let q(f) = -f**2 - 9*f - 8. Let h be q(-6). Suppose -d = -0*d + 3*t - 22, 2*t - h = 0. What is the tens digit of a(d)?
3
Let f be (-8)/(-3) + (-6)/9. Suppose 5*i = i + 4*l + 4, -i - f*l = -16. Let n(c) = -c**3 + 7*c**2 - 4*c + 1. What is the units digit of n(i)?
3
Let i(k) = -31*k. Let t be (-30)/8 - (-1)/8*-2. What is the hundreds digit of i(t)?
1
Let x(o) = o + 123. Let p be x(0). Suppose -5*l + p = -l + 5*i, l - 33 = i. What is the tens digit of l?
3
Suppose -3*r = -2*i - 105, 2*r + i - 3*i = 70. Let l(p) = -p**3 + 23*p**2 + p - 7. Let x be l(23). Let q = r - x. What is the tens digit of q?
1
What is the units digit of 9/(4/((-252)/(-3)))?
9
Let p(d) = -d - 10. Let v be p(-18). Suppose -2*n + 6*n - v = 0. What is the units digit of (-852)/(-36) + n/6?
4
What is the tens digit of 1/(-9) + ((-444200)/45)/(-10)?
8
Let d = 15 - 12. Let f = d - -5. Suppose f*a - 90 = 3*a. What is the tens digit of a?
1
Suppose 0 = 4*x + 8, 0 = -h + 2*x + 2*x + 10. What is the tens digit of (-15 - -29) + -2*h?
1
Suppose 297 = -3*y + 3*g, 0 = 3*y + g + 2*g + 279. Let t = y - -111. What is the units digit of t?
5
Let b = 58 - 55. Suppose 2*r = -s + 114, -349 = -b*s + 3*r - 2*r. What is the hundreds digit of s?
1
Let i = -14 + 629. Suppose 13*h = 10*h + i. What is the units digit of h?
5
Suppose 2*q + 2*q = 0. Suppose -5*b = -2*c - 4, 4*b - 11 = -c - q. What is the units digit of c?
3
What is the hundreds digit of 2/(-3) + ((-151550)/(-15))/2?
0
Let q be ((-4)/(-6))/(5/(-3525) + 0). Let j = 683 + q. What is the units digit of j?
3
Suppose -p + 367 = z, 4*z = 50*p - 51*p + 1474. What is the units digit of z?
9
Let i = -14 - -19. Let b(u) = u**3 - u**2 - 7*u + 1. Let p be b(i). Suppose v = 2*x - p, 47 = x + 4*v - v. What is the tens digit of x?
3
Suppose 2*i - 4 = 0, 3*t + 4*i - 1357 - 202 = 0. What is the units digit of t?
7
Let m(i) = i - 1. Let t(o) = o**3. Let k(j) = m(j) + t(j). Let q(x) = -5*x**3 + 5*x**2 - 18*x - 5. Let s(d) = -6*k(d) - q(d). What is the tens digit of s(-7)?
2
Suppose 3*m - 4*j = 1465, m - 2*j + 0*j = 489. What is the tens digit of m?
8
Let p = -5 - -9. Let m(r) = -9 - 2 + 5*r - p. What is the tens digit of m(12)?
4
Let t = 5 + -1. Suppose 4 = 2*f - 3*j - 24, 0 = t*j. Let p(c) = c + 3. What is the units digit of p(f)?
7
Let y(j) = -9*j**3 - 18*j**2 + 10*j - 2. What is the tens digit of y(-6)?
3
Suppose 0 = -j - 4*n - 14, -5*n - 16 = -j + 6. What is the hundreds digit of (123 - 7) + j*(-1 - 0)?
1
Suppose -2*f + 5*f = 171. Let j = f + -51. What is the units digit of j?
6
Suppose 0 = 48*i - 45*i + 4*r - 15550, 4*i - 20752 = 4*r. What is the thousands digit of i?
5
Suppose -5*u = -3*y + 713, -1304 + 59 = -5*y - 3*u. What is the tens digit of y?
4
Let d be 36 + -6 + (-9)/(-3). Let g = 14 + d. What is the tens digit of g?
4
Let d(c) = 94*c**2 - 2*c - 1. Let y = 53 - 54. What is the tens digit of d(y)?
9
Suppose -2*d = -3*w + 1279, -3*d = 5*w - 0*d - 2119. What is the hundreds digit of w?
4
Let l(b) = -2*b**2 + 3*b**2 + 12 - 7*b - 8 + 3*b. What is the units digit of l(10)?
4
Suppose -3727 = l - 3*l - 5*u, 4*l = -3*u + 7419. What is the units digit of l?
1
Let u(d) = -2*d - 311. Let a(g) = g + 156. Let v(c) = 13*a(c) + 6*u(c). What is the hundreds digit of v(0)?
1
What is the hundreds digit of 7 + 490 - (-2)/(-5 - -4)?
4
Let h(f) = 1043*f + 233. What is the thousands digit of h(3)?
3
Let c be (0 + 1)/((-5)/15). Let b be c/(-1) + (-4)/(-2). Suppose 123 = b*j - 32. What is the tens digit of j?
3
Let t(x) be the second derivative of -1/6*x**4 + 3*x**2 + 0 + 5/3*x**3 - 5*x. What is the units digit of t(5)?
6
Let f(m) = -m**3 - 18*m**2 + 17*m - 36. Let u be f(-20). What is the units digit of (u/(-4))/(3/(-3))?
6
Let p be (307 - -2) + (9 - 12). Suppose q - 3*f = -49 + p, 5*f - 771 = -3*q. What is the units